
{"id":103,"date":"2022-03-30T10:43:54","date_gmt":"2022-03-30T08:43:54","guid":{"rendered":"https:\/\/przedszkole104.edu.wroclaw.pl\/?page_id=103"},"modified":"2025-11-26T14:37:23","modified_gmt":"2025-11-26T13:37:23","slug":"promocja-zdrowia","status":"publish","type":"page","link":"https:\/\/przedszkole104.edu.wroclaw.pl\/index.php\/promocja-zdrowia\/","title":{"rendered":"Promocja zdrowia"},"content":{"rendered":"<div class=\"wpb-content-wrapper\"><p>[vc_row][vc_column][vc_column_text css=&#8221;&#8221;]<\/p>\n<h4 style=\"text-align: center\"><img loading=\"lazy\" decoding=\"async\" class=\"alignnone size-medium wp-image-1694\" src=\"https:\/\/przedszkole104.edu.wroclaw.pl\/wp-content\/uploads\/sites\/72\/2022\/09\/logo-300x133.jpg\" alt=\"\" width=\"300\" height=\"133\" \/><\/h4>\n<p>[\/vc_column_text][\/vc_column][\/vc_row][vc_row][vc_column][vc_column_text css=&#8221;&#8221;]<span style=\"font-size: 24px;color: #339966\">W naszej plac\u00f3wce du\u017cy nacisk k\u0142adziemy na <strong>\u00a0promowanie zdrowego<\/strong> a co za tym idzie aktywnego i bezpiecznego stylu \u017cycia. Poprzez organizowanie ciekawych sytuacji edukacyjnych, gry i zabawy staramy si\u0119 wpoi\u0107 naszym podopiecznym prawid\u0142owe nawyki zdrowotne kt\u00f3re w p\u00f3\u017aniejszym \u017cyciu stan\u0105 si\u0119 dla nich\u00a0 norm\u0105 i poprawi\u0105 ich jako\u015b\u0107 \u017cycia.<\/span><\/p>\n<p><span style=\"font-size: 24px;color: #339966\">W celu realizacji powy\u017cszego zadania:<\/span><\/p>\n<ul>\n<li><span style=\"font-size: 24px;color: #339966\">dzieci realizuj\u0105 tre\u015bci stworzonego przez nauczycieli <a href=\"https:\/\/przedszkole104.edu.wroclaw.pl\/wp-content\/uploads\/sites\/72\/2023\/02\/Program-sportowy-popr-002.pdf\" target=\"_blank\" rel=\"noopener\">programu zdrowotnego<\/a>,<\/span><\/li>\n<li><span style=\"font-size: 24px;color: #339966\">w listopadzie 2022 przedszkole do\u0142\u0105czy\u0142o do Wroc\u0142awskiej Sieci Przedszkoli i Szk\u00f3\u0142 promuj\u0105cych zdrowie,<\/span><\/li>\n<li><span style=\"font-size: 24px;color: #339966\">posiadamy certyfikat lidera aktywno\u015bci w ruchu,<\/span><\/li>\n<li><span style=\"font-size: 24px;color: #339966\">posiadamy certyfikat aktywno\u015bci fizycznej,<\/span><\/li>\n<li><span style=\"font-size: 24px;color: #339966\">posiadamy certyfikat zdrowego i racjonalnego \u017cywienia.<\/span><\/li>\n<\/ul>\n<p>[\/vc_column_text][\/vc_column][\/vc_row][vc_row][vc_column css=&#8221;.vc_custom_1727176363848{background-color: #237e15 !important;}&#8221;][vc_tta_tabs active_section=&#8221;1&#8243;][vc_tta_section title=&#8221;Zabawy dla rodzic\u00f3w z dzie\u0107mi&#8221; tab_id=&#8221;1727175993466-def36939-7002&#8243;][vc_row_inner][vc_column_inner width=&#8221;1\/3&#8243;][vc_btn title=&#8221;Wykorzystaj smartphone nie tylko do gier (pdf)&#8221; style=&#8221;3d&#8221; color=&#8221;blue&#8221; align=&#8221;center&#8221; button_block=&#8221;true&#8221; link=&#8221;url:https%3A%2F%2Fprzedszkole104.edu.wroclaw.pl%2Fwp-content%2Fuploads%2Fsites%2F72%2F2022%2F03%2FWYKORZYSTAJ-SMARTPHONE-NIE-TYLKO-DO-GIER.pdf|target:_blank&#8221;][vc_btn title=&#8221;Jak zach\u0119ci\u0107 dziecko do aktywno\u015bci (pdf)&#8221; style=&#8221;3d&#8221; color=&#8221;orange&#8221; align=&#8221;center&#8221; button_block=&#8221;true&#8221; link=&#8221;url:https%3A%2F%2Fprzedszkole104.edu.wroclaw.pl%2Fwp-content%2Fuploads%2Fsites%2F72%2F2023%2F03%2FJak-zachecic-dzieci-do-aktywnosci.pdf|target:_blank&#8221;][\/vc_column_inner][vc_column_inner width=&#8221;1\/3&#8243;][vc_btn title=&#8221;Zapraszamy na rodzinny spacer na sportowo (pdf)&#8221; style=&#8221;3d&#8221; color=&#8221;warning&#8221; align=&#8221;center&#8221; button_block=&#8221;true&#8221; link=&#8221;url:%2Fwp-content%2Fuploads%2Fsites%2F72%2F2022%2F03%2FRODZINNY-SPACER-NA-SPORTOWO-pdf.pdf|target:_blank&#8221;][\/vc_column_inner][vc_column_inner width=&#8221;1\/3&#8243;][vc_btn title=&#8221;PLOGGING, czyli bieganie i zbieranie \u015bmieci (pdf)&#8221; style=&#8221;3d&#8221; color=&#8221;violet&#8221; align=&#8221;center&#8221; button_block=&#8221;true&#8221; link=&#8221;url:%2Fwp-content%2Fuploads%2Fsites%2F72%2F2022%2F03%2FPLOGGING.pdf|target:_blank&#8221;][\/vc_column_inner][\/vc_row_inner][\/vc_tta_section][vc_tta_section title=&#8221;Biegi&#8221; tab_id=&#8221;1727175993479-ae1dac53-68d3&#8243;][vc_column_text css=&#8221;&#8221;][\/vc_column_text][\/vc_tta_section][vc_tta_section tab_id=&#8221;1727183951994-79321ae5-046e&#8221; title=&#8221;Zdrowa Misja &#8211; Polskie Dzieci.org&#8221;][vc_column_text css=&#8221;&#8221;]Webinary dla Rodzic\u00f3w:<\/p>\n<p>&#8211; 30.10.2024r. godzina 18.00 &#8211; Budowanie toleracji u dzieci;<\/p>\n<p>-12.11.2024r. godzina 18.00 &#8211; Zbilansowana dieta dla dziecka w wieku przedszkolnym;<\/p>\n<p>&#8211; 19.11.2024r.\u00a0 godzina 18.00 &#8211; Wzmacnianie odporno\u015bci dziecka poprzez zdrowe nawyki.<\/p>\n<p>Wi\u0119cej informacji polskiedzieci.org lub zdrowamisja.pl.[\/vc_column_text][\/vc_tta_section][vc_tta_section title=&#8221;Projekt EDUKACJA W RUCHU&#8221; tab_id=&#8221;1727184153034-6a508ee3-4f11&#8243;][vc_column_text css=&#8221;&#8221;]<\/p>\n<p><img loading=\"lazy\" decoding=\"async\" class=\"size-full wp-image-14775 aligncenter\" src=\"https:\/\/przedszkole104.edu.wroclaw.pl\/wp-content\/uploads\/sites\/72\/2025\/11\/obraz_2025-11-04_193459320.png\" alt=\"\" width=\"204\" height=\"204\" srcset=\"https:\/\/przedszkole104.edu.wroclaw.pl\/wp-content\/uploads\/sites\/72\/2025\/11\/obraz_2025-11-04_193459320.png 204w, https:\/\/przedszkole104.edu.wroclaw.pl\/wp-content\/uploads\/sites\/72\/2025\/11\/obraz_2025-11-04_193459320-150x150.png 150w\" sizes=\"auto, (max-width: 204px) 100vw, 204px\" \/><\/p>\n<p>Projekt \u201eEdukacja w ruchu\u201d \u0142\u0105czy aktywno\u015b\u0107, zabaw\u0119 i m\u0105dre wspieranie rozwoju, a dzi\u0119ki materia\u0142om Akademii Krokieta i Lamy mo\u017cemy poznawa\u0107 \u015bwiat poprzez dzia\u0142anie i \u015bwietn\u0105 zabaw\u0119. \ud83e\udd38\u200d\u2640\ufe0f\ud83c\udfa8<\/p>\n<p>Ka\u017cdy film rozwija kreatywno\u015b\u0107, uczy wsp\u00f3\u0142pracy i buduje pewno\u015b\u0107 siebie, a nauka odbywa si\u0119 naturalnie &#8211; przy okazji dobrej zabawy\u2728<\/p>\n<p>#edukacjawruchu #edukacjawruchuWroclaw #PhysicallyActiveLearning<\/p>\n<p>@FundacjaV4Sport<br \/>\n@Akademia Wychowania Fizycznego we Wroc\u0142awiu<br \/>\n@AkademiaKrokietaiLamy<br \/>\n@wroclaw.wrocloveRazem pokazujemy, \u017ce ruch to nie tylko zdrowie \ud83d\udc9a \u2014 to te\u017c doskona\u0142y spos\u00f3b na <strong>nauk\u0119 i odkrywanie \u015bwiata!<\/strong> \ud83c\udf0d<\/p>\n<p>#edukacjawruchu #edukacjawruchuWroclaw #PhysicallyActiveLearning<\/p>\n<p>@FundacjaV4Sport<br \/>\n@Akademia Wychowania Fizycznego we Wroc\u0142awiu<br \/>\n@AkademiaKrokietaiLamy<br \/>\n@wroclaw.wroclove[\/vc_column_text][\/vc_tta_section][\/vc_tta_tabs][vc_gallery type=&#8221;image_grid&#8221; images=&#8221;12339,12338,12337,12336,12335,12334&#8243; css=&#8221;&#8221; title=&#8221;Dzieci z grup Motylki, Pszcz\u00f3\u0142ki, Je\u017cyki, Misie i \u017babki uko\u0144czy\u0142y II wyzwanie w ramach projektu. W tym miesi\u0105cu dzieci mog\u0142y w ruchu sprawdzi\u0107 swoje zimowe preferencje.&#8221;][\/vc_column][\/vc_row]<\/p>\n<\/div>","protected":false},"excerpt":{"rendered":"<p>[vc_row][vc_column][vc_column_text css=&#8221;&#8221;] [\/vc_column_text][\/vc_column][\/vc_row][vc_row][vc_column][vc_column_text css=&#8221;&#8221;]W naszej plac\u00f3wce du\u017cy nacisk k\u0142adziemy na \u00a0promowanie zdrowego a co za tym idzie aktywnego i bezpiecznego stylu \u017cycia. Poprzez organizowanie ciekawych sytuacji edukacyjnych, gry i zabawy [&hellip;]<\/p>\n","protected":false},"author":7,"featured_media":0,"parent":0,"menu_order":0,"comment_status":"closed","ping_status":"closed","template":"","meta":{"footnotes":""},"class_list":["post-103","page","type-page","status-publish","hentry","clearfix"],"_links":{"self":[{"href":"https:\/\/przedszkole104.edu.wroclaw.pl\/index.php\/wp-json\/wp\/v2\/pages\/103","targetHints":{"allow":["GET"]}}],"collection":[{"href":"https:\/\/przedszkole104.edu.wroclaw.pl\/index.php\/wp-json\/wp\/v2\/pages"}],"about":[{"href":"https:\/\/przedszkole104.edu.wroclaw.pl\/index.php\/wp-json\/wp\/v2\/types\/page"}],"author":[{"embeddable":true,"href":"https:\/\/przedszkole104.edu.wroclaw.pl\/index.php\/wp-json\/wp\/v2\/users\/7"}],"replies":[{"embeddable":true,"href":"https:\/\/przedszkole104.edu.wroclaw.pl\/index.php\/wp-json\/wp\/v2\/comments?post=103"}],"version-history":[{"count":51,"href":"https:\/\/przedszkole104.edu.wroclaw.pl\/index.php\/wp-json\/wp\/v2\/pages\/103\/revisions"}],"predecessor-version":[{"id":14867,"href":"https:\/\/przedszkole104.edu.wroclaw.pl\/index.php\/wp-json\/wp\/v2\/pages\/103\/revisions\/14867"}],"wp:attachment":[{"href":"https:\/\/przedszkole104.edu.wroclaw.pl\/index.php\/wp-json\/wp\/v2\/media?parent=103"}],"curies":[{"name":"wp","href":"https:\/\/api.w.org\/{rel}","templated":true}]}}