
{"id":16,"date":"2022-03-08T11:55:34","date_gmt":"2022-03-08T10:55:34","guid":{"rendered":"https:\/\/przedszkole104.edu.wroclaw.pl\/?page_id=16"},"modified":"2025-05-21T11:50:01","modified_gmt":"2025-05-21T09:50:01","slug":"strona-glowna","status":"publish","type":"page","link":"https:\/\/przedszkole104.edu.wroclaw.pl\/","title":{"rendered":"Strona g\u0142\u00f3wna"},"content":{"rendered":"<div class=\"wpb-content-wrapper\"><p>[vc_row css_animation=&#8221;zoomIn&#8221; css=&#8221;.vc_custom_1648796722481{margin-right: 40px !important;margin-left: 40px !important;}&#8221;][vc_column width=&#8221;1\/5&#8243;][vc_icon icon_fontawesome=&#8221;fas fa-book-reader&#8221; color=&#8221;custom&#8221; background_style=&#8221;rounded-outline&#8221; background_color=&#8221;custom&#8221; size=&#8221;xl&#8221; align=&#8221;center&#8221; custom_color=&#8221;#a00050&#8243; custom_background_color=&#8221;#a00050&#8243; link=&#8221;url:%2Findex.php%2Fcategory%2Fkronika-wydarzen%2F|title:Kronika%20wydarze%C5%84&#8243;][vc_column_text css=&#8221;.vc_custom_1686898549892{margin-top: -40px !important;}&#8221;]<\/p>\n<h2 style=\"text-align: center;\"><span style=\"font-size: 20px; color: #a00050;\">Kronika wydarze\u0144<\/span><\/h2>\n<p>[\/vc_column_text][\/vc_column][vc_column width=&#8221;1\/5&#8243;][vc_icon icon_fontawesome=&#8221;fas fa-utensils&#8221; color=&#8221;custom&#8221; background_style=&#8221;rounded-outline&#8221; background_color=&#8221;custom&#8221; size=&#8221;xl&#8221; align=&#8221;center&#8221; custom_color=&#8221;#a36200&#8243; custom_background_color=&#8221;#a36200&#8243; link=&#8221;url:https%3A%2F%2Fprzedszkole104.edu.wroclaw.pl%2Findex.php%2Fjadlospis%2F|title:Jad%C5%82ospis&#8221;][vc_column_text css=&#8221;.vc_custom_1686898668408{margin-top: -40px !important;}&#8221;]<\/p>\n<h2 style=\"text-align: center;\"><span style=\"font-size: 20px; color: #a36200;\">Jad\u0142ospis<\/span><\/h2>\n<p>[\/vc_column_text][\/vc_column][vc_column width=&#8221;1\/5&#8243;][vc_icon icon_fontawesome=&#8221;fas fa-user-graduate&#8221; color=&#8221;custom&#8221; background_style=&#8221;rounded-outline&#8221; background_color=&#8221;custom&#8221; size=&#8221;xl&#8221; align=&#8221;center&#8221; custom_color=&#8221;#1e73be&#8221; custom_background_color=&#8221;#1e73be&#8221; link=&#8221;url:https%3A%2F%2Fprzedszkole104.edu.wroclaw.pl%2Findex.php%2Frekrutacja%2F|title:Rekrutacja&#8221;][vc_column_text css=&#8221;.vc_custom_1686898790756{margin-top: -40px !important;}&#8221;]<\/p>\n<h2 style=\"text-align: center;\"><span style=\"font-size: 20px; color: #1e73be;\">Rekrutacja<\/span><\/h2>\n<p>[\/vc_column_text][\/vc_column][vc_column width=&#8221;1\/5&#8243;][vc_icon icon_fontawesome=&#8221;fas fa-layer-group&#8221; color=&#8221;custom&#8221; background_style=&#8221;rounded-outline&#8221; background_color=&#8221;custom&#8221; size=&#8221;xl&#8221; align=&#8221;center&#8221; custom_color=&#8221;#237e15&#8243; custom_background_color=&#8221;#237e15&#8243; link=&#8221;url:https%3A%2F%2Fprzedszkole104.edu.wroclaw.pl%2Findex.php%2Frodo%2F|title:RODO&#8221;][vc_column_text css=&#8221;.vc_custom_1686898897873{margin-top: -40px !important;}&#8221;]<\/p>\n<h2 style=\"text-align: center;\"><span style=\"font-size: 20px; color: #237e15;\">RODO<\/span><\/h2>\n<p>[\/vc_column_text][\/vc_column][vc_column width=&#8221;1\/5&#8243;][vc_icon icon_fontawesome=&#8221;fab fa-facebook-f&#8221; color=&#8221;custom&#8221; background_style=&#8221;rounded-outline&#8221; background_color=&#8221;custom&#8221; size=&#8221;xl&#8221; align=&#8221;center&#8221; custom_color=&#8221;#003d8e&#8221; custom_background_color=&#8221;#003d8e&#8221; link=&#8221;url:https%3A%2F%2Fwww.facebook.com%2FPrzedszkole-104-162181703831613%2F|title:Facebook|target:_blank&#8221;][vc_column_text css=&#8221;.vc_custom_1686898981506{margin-top: -40px !important;}&#8221;]<\/p>\n<h2 style=\"text-align: center;\"><span style=\"font-size: 20px; color: #003d8e;\">Facebook<\/span><\/h2>\n<p>[\/vc_column_text][\/vc_column][\/vc_row][vc_row][vc_column width=&#8221;1\/12&#8243;][\/vc_column][vc_column width=&#8221;1\/2&#8243;][vc_wp_text]<\/p>\n<h1 style=\"text-align: center;\"><span style=\"font-size: 42pt; color: #237e15;\">O Przedszkolu<\/span><\/h1>\n<p>[\/vc_wp_text][vc_separator color=&#8221;custom&#8221; border_width=&#8221;4&#8243; el_width=&#8221;50&#8243; accent_color=&#8221;#237e15&#8243; css=&#8221;.vc_custom_1646736737063{margin-top: -30px !important;}&#8221;][vc_wp_text]Przedszkole nr 104 \u201eNa Misiowej Polanie\u201d we Wroc\u0142awiu zlokalizowane jest w\u00a0zachodniej cz\u0119\u015bci miasta, w dzielnicy Fabryczna, na osiedlu\u00a0 Popowice.<br \/>\nSiedzib\u0105 plac\u00f3wki s\u0105 dwa wolnostoj\u0105ce pi\u0119trowe budynki.<br \/>\nDu\u017c\u0105 cz\u0119\u015b\u0107 terenu wok\u00f3\u0142 przedszkola zajmuje wyposa\u017cony w sprz\u0119t do zaj\u0119\u0107 i zabaw ruchowych ogr\u00f3d. Budynki i przylegaj\u0105cy do nich ogr\u00f3d znajduj\u0105 si\u0119 na terenie ogrodzonym.\u00a0[\/vc_wp_text][\/vc_column][vc_column width=&#8221;1\/3&#8243;][vc_empty_space height=&#8221;160px&#8221;][vc_wp_text]<img loading=\"lazy\" decoding=\"async\" class=\"size-medium wp-image-88 aligncenter\" src=\"https:\/\/przedszkole104.edu.wroclaw.pl\/wp-content\/uploads\/sites\/72\/2022\/03\/IMG_8652_Easy-300x225.jpg\" alt=\"Budynek przedszkola nr 104 we Wroc\u0142awiu\" width=\"300\" height=\"225\" srcset=\"https:\/\/przedszkole104.edu.wroclaw.pl\/wp-content\/uploads\/sites\/72\/2022\/03\/IMG_8652_Easy-300x225.jpg 300w, https:\/\/przedszkole104.edu.wroclaw.pl\/wp-content\/uploads\/sites\/72\/2022\/03\/IMG_8652_Easy-768x576.jpg 768w, https:\/\/przedszkole104.edu.wroclaw.pl\/wp-content\/uploads\/sites\/72\/2022\/03\/IMG_8652_Easy-600x450.jpg 600w, https:\/\/przedszkole104.edu.wroclaw.pl\/wp-content\/uploads\/sites\/72\/2022\/03\/IMG_8652_Easy.jpg 1024w\" sizes=\"auto, (max-width: 300px) 100vw, 300px\" \/>[\/vc_wp_text][\/vc_column][\/vc_row][vc_row][vc_column width=&#8221;1\/12&#8243;][\/vc_column][vc_column width=&#8221;1\/2&#8243;][vc_wp_text]<\/p>\n<h1 style=\"text-align: center;\"><span style=\"font-size: 42pt; color: #237e15;\">Zaplecze<\/span><\/h1>\n<p>[\/vc_wp_text][vc_separator color=&#8221;custom&#8221; border_width=&#8221;4&#8243; el_width=&#8221;50&#8243; accent_color=&#8221;#237e15&#8243; css=&#8221;.vc_custom_1646736737063{margin-top: -30px !important;}&#8221;][vc_wp_text]W przedszkolu funkcjonuje 10 grup przedszkolnych w kt\u00f3rych przebywa\u0107 mo\u017ce po 25 dzieci.<br \/>\nPlac\u00f3wka zapewnia podopiecznym rzeteln\u0105 opiek\u0119 zaspokajaj\u0105c podstawow\u0105 potrzeb\u0119 akceptacji i\u00a0bezpiecze\u0144stwa, preferuje tw\u00f3rczo\u015b\u0107 i samodzielno\u015b\u0107.<br \/>\nRamowy rozk\u0142ad dnia u\u0142o\u017cony jest zgodnie z zaleceniami nowej podstawy programowej wychowania przedszkolnego.<br \/>\nPrzedszkole jest czynne od poniedzia\u0142ku do pi\u0105tku w godzinach od 6.30 do 17.00.[\/vc_wp_text][\/vc_column][vc_column width=&#8221;1\/3&#8243;][vc_empty_space height=&#8221;160px&#8221;][vc_wp_text]<img loading=\"lazy\" decoding=\"async\" class=\"size-medium wp-image-43 aligncenter\" src=\"https:\/\/przedszkole104.edu.wroclaw.pl\/wp-content\/uploads\/sites\/72\/2022\/03\/IMG_0651-300x225.jpg\" alt=\"Zdj\u0119cie zak\u0142adki o nas\" width=\"300\" height=\"225\" srcset=\"https:\/\/przedszkole104.edu.wroclaw.pl\/wp-content\/uploads\/sites\/72\/2022\/03\/IMG_0651-300x225.jpg 300w, https:\/\/przedszkole104.edu.wroclaw.pl\/wp-content\/uploads\/sites\/72\/2022\/03\/IMG_0651-1024x768.jpg 1024w, https:\/\/przedszkole104.edu.wroclaw.pl\/wp-content\/uploads\/sites\/72\/2022\/03\/IMG_0651-768x576.jpg 768w, https:\/\/przedszkole104.edu.wroclaw.pl\/wp-content\/uploads\/sites\/72\/2022\/03\/IMG_0651-600x450.jpg 600w, https:\/\/przedszkole104.edu.wroclaw.pl\/wp-content\/uploads\/sites\/72\/2022\/03\/IMG_0651-1536x1152.jpg 1536w, https:\/\/przedszkole104.edu.wroclaw.pl\/wp-content\/uploads\/sites\/72\/2022\/03\/IMG_0651-2048x1536.jpg 2048w\" sizes=\"auto, (max-width: 300px) 100vw, 300px\" \/>[\/vc_wp_text][\/vc_column][\/vc_row]<\/p>\n<\/div>","protected":false},"excerpt":{"rendered":"<p>[vc_row css_animation=&#8221;zoomIn&#8221; css=&#8221;.vc_custom_1648796722481{margin-right: 40px !important;margin-left: 40px !important;}&#8221;][vc_column width=&#8221;1\/5&#8243;][vc_icon icon_fontawesome=&#8221;fas fa-book-reader&#8221; color=&#8221;custom&#8221; background_style=&#8221;rounded-outline&#8221; background_color=&#8221;custom&#8221; size=&#8221;xl&#8221; align=&#8221;center&#8221; custom_color=&#8221;#a00050&#8243; custom_background_color=&#8221;#a00050&#8243; link=&#8221;url:%2Findex.php%2Fcategory%2Fkronika-wydarzen%2F|title:Kronika%20wydarze%C5%84&#8243;][vc_column_text css=&#8221;.vc_custom_1686898549892{margin-top: -40px !important;}&#8221;] Kronika wydarze\u0144 [\/vc_column_text][\/vc_column][vc_column width=&#8221;1\/5&#8243;][vc_icon icon_fontawesome=&#8221;fas fa-utensils&#8221; color=&#8221;custom&#8221; background_style=&#8221;rounded-outline&#8221; background_color=&#8221;custom&#8221; [&hellip;]<\/p>\n","protected":false},"author":7,"featured_media":0,"parent":0,"menu_order":0,"comment_status":"closed","ping_status":"closed","template":"","meta":{"footnotes":""},"class_list":["post-16","page","type-page","status-publish","hentry","clearfix"],"_links":{"self":[{"href":"https:\/\/przedszkole104.edu.wroclaw.pl\/index.php\/wp-json\/wp\/v2\/pages\/16","targetHints":{"allow":["GET"]}}],"collection":[{"href":"https:\/\/przedszkole104.edu.wroclaw.pl\/index.php\/wp-json\/wp\/v2\/pages"}],"about":[{"href":"https:\/\/przedszkole104.edu.wroclaw.pl\/index.php\/wp-json\/wp\/v2\/types\/page"}],"author":[{"embeddable":true,"href":"https:\/\/przedszkole104.edu.wroclaw.pl\/index.php\/wp-json\/wp\/v2\/users\/7"}],"replies":[{"embeddable":true,"href":"https:\/\/przedszkole104.edu.wroclaw.pl\/index.php\/wp-json\/wp\/v2\/comments?post=16"}],"version-history":[{"count":34,"href":"https:\/\/przedszkole104.edu.wroclaw.pl\/index.php\/wp-json\/wp\/v2\/pages\/16\/revisions"}],"predecessor-version":[{"id":8499,"href":"https:\/\/przedszkole104.edu.wroclaw.pl\/index.php\/wp-json\/wp\/v2\/pages\/16\/revisions\/8499"}],"wp:attachment":[{"href":"https:\/\/przedszkole104.edu.wroclaw.pl\/index.php\/wp-json\/wp\/v2\/media?parent=16"}],"curies":[{"name":"wp","href":"https:\/\/api.w.org\/{rel}","templated":true}]}}

Strona główna

<div class="wpb-content-wrapper"><p>[vc_row css_animation=&#8221;zoomIn&#8221; css=&#8221;.vc_custom_1648796722481{margin-right: 40px !important;margin-left: 40px !important;}&#8221;][vc_column width=&#8221;1/5&#8243;][vc_icon icon_fontawesome=&#8221;fas fa-book-reader&#8221; color=&#8221;custom&#8221; background_style=&#8221;rounded-outline&#8221; background_color=&#8221;custom&#8221; size=&#8221;xl&#8221; align=&#8221;center&#8221; custom_color=&#8221;#a00050&#8243; custom_background_color=&#8221;#a00050&#8243; link=&#8221;url:%2Findex.php%2Fcategory%2Fkronika-wydarzen%2F|title:Kronika%20wydarze%C5%84&#8243;][vc_column_text css=&#8221;.vc_custom_1686898549892{margin-top: -40px !important;}&#8221;]</p>
<h2 style="text-align: center;"><span style="font-size: 20px; color: #a00050;">Kronika wydarzeń</span></h2>
<p>[/vc_column_text][/vc_column][vc_column width=&#8221;1/5&#8243;][vc_icon icon_fontawesome=&#8221;fas fa-utensils&#8221; color=&#8221;custom&#8221; background_style=&#8221;rounded-outline&#8221; background_color=&#8221;custom&#8221; size=&#8221;xl&#8221; align=&#8221;center&#8221; custom_color=&#8221;#a36200&#8243; custom_background_color=&#8221;#a36200&#8243; link=&#8221;url:https%3A%2F%2Fprzedszkole104.edu.wroclaw.pl%2Findex.php%2Fjadlospis%2F|title:Jad%C5%82ospis&#8221;][vc_column_text css=&#8221;.vc_custom_1686898668408{margin-top: -40px !important;}&#8221;]</p>
<h2 style="text-align: center;"><span style="font-size: 20px; color: #a36200;">Jadłospis</span></h2>
<p>[/vc_column_text][/vc_column][vc_column width=&#8221;1/5&#8243;][vc_icon icon_fontawesome=&#8221;fas fa-user-graduate&#8221; color=&#8221;custom&#8221; background_style=&#8221;rounded-outline&#8221; background_color=&#8221;custom&#8221; size=&#8221;xl&#8221; align=&#8221;center&#8221; custom_color=&#8221;#1e73be&#8221; custom_background_color=&#8221;#1e73be&#8221; link=&#8221;url:https%3A%2F%2Fprzedszkole104.edu.wroclaw.pl%2Findex.php%2Frekrutacja%2F|title:Rekrutacja&#8221;][vc_column_text css=&#8221;.vc_custom_1686898790756{margin-top: -40px !important;}&#8221;]</p>
<h2 style="text-align: center;"><span style="font-size: 20px; color: #1e73be;">Rekrutacja</span></h2>
<p>[/vc_column_text][/vc_column][vc_column width=&#8221;1/5&#8243;][vc_icon icon_fontawesome=&#8221;fas fa-layer-group&#8221; color=&#8221;custom&#8221; background_style=&#8221;rounded-outline&#8221; background_color=&#8221;custom&#8221; size=&#8221;xl&#8221; align=&#8221;center&#8221; custom_color=&#8221;#237e15&#8243; custom_background_color=&#8221;#237e15&#8243; link=&#8221;url:https%3A%2F%2Fprzedszkole104.edu.wroclaw.pl%2Findex.php%2Frodo%2F|title:RODO&#8221;][vc_column_text css=&#8221;.vc_custom_1686898897873{margin-top: -40px !important;}&#8221;]</p>
<h2 style="text-align: center;"><span style="font-size: 20px; color: #237e15;">RODO</span></h2>
<p>[/vc_column_text][/vc_column][vc_column width=&#8221;1/5&#8243;][vc_icon icon_fontawesome=&#8221;fab fa-facebook-f&#8221; color=&#8221;custom&#8221; background_style=&#8221;rounded-outline&#8221; background_color=&#8221;custom&#8221; size=&#8221;xl&#8221; align=&#8221;center&#8221; custom_color=&#8221;#003d8e&#8221; custom_background_color=&#8221;#003d8e&#8221; link=&#8221;url:https%3A%2F%2Fwww.facebook.com%2FPrzedszkole-104-162181703831613%2F|title:Facebook|target:_blank&#8221;][vc_column_text css=&#8221;.vc_custom_1686898981506{margin-top: -40px !important;}&#8221;]</p>
<h2 style="text-align: center;"><span style="font-size: 20px; color: #003d8e;">Facebook</span></h2>
<p>[/vc_column_text][/vc_column][/vc_row][vc_row][vc_column width=&#8221;1/12&#8243;][/vc_column][vc_column width=&#8221;1/2&#8243;][vc_wp_text]</p>
<h1 style="text-align: center;"><span style="font-size: 42pt; color: #237e15;">O Przedszkolu</span></h1>
<p>[/vc_wp_text][vc_separator color=&#8221;custom&#8221; border_width=&#8221;4&#8243; el_width=&#8221;50&#8243; accent_color=&#8221;#237e15&#8243; css=&#8221;.vc_custom_1646736737063{margin-top: -30px !important;}&#8221;][vc_wp_text]Przedszkole nr 104 „Na Misiowej Polanie” we Wrocławiu zlokalizowane jest w zachodniej części miasta, w dzielnicy Fabryczna, na osiedlu  Popowice.<br />
Siedzibą placówki są dwa wolnostojące piętrowe budynki.<br />
Dużą część terenu wokół przedszkola zajmuje wyposażony w sprzęt do zajęć i zabaw ruchowych ogród. Budynki i przylegający do nich ogród znajdują się na terenie ogrodzonym. [/vc_wp_text][/vc_column][vc_column width=&#8221;1/3&#8243;][vc_empty_space height=&#8221;160px&#8221;][vc_wp_text]<img loading="lazy" decoding="async" class="size-medium wp-image-88 aligncenter" src="https://przedszkole104.edu.wroclaw.pl/wp-content/uploads/sites/72/2022/03/IMG_8652_Easy-300x225.jpg" alt="Budynek przedszkola nr 104 we Wrocławiu" width="300" height="225" srcset="https://przedszkole104.edu.wroclaw.pl/wp-content/uploads/sites/72/2022/03/IMG_8652_Easy-300x225.jpg 300w, https://przedszkole104.edu.wroclaw.pl/wp-content/uploads/sites/72/2022/03/IMG_8652_Easy-768x576.jpg 768w, https://przedszkole104.edu.wroclaw.pl/wp-content/uploads/sites/72/2022/03/IMG_8652_Easy-600x450.jpg 600w, https://przedszkole104.edu.wroclaw.pl/wp-content/uploads/sites/72/2022/03/IMG_8652_Easy.jpg 1024w" sizes="auto, (max-width: 300px) 100vw, 300px" />[/vc_wp_text][/vc_column][/vc_row][vc_row][vc_column width=&#8221;1/12&#8243;][/vc_column][vc_column width=&#8221;1/2&#8243;][vc_wp_text]</p>
<h1 style="text-align: center;"><span style="font-size: 42pt; color: #237e15;">Zaplecze</span></h1>
<p>[/vc_wp_text][vc_separator color=&#8221;custom&#8221; border_width=&#8221;4&#8243; el_width=&#8221;50&#8243; accent_color=&#8221;#237e15&#8243; css=&#8221;.vc_custom_1646736737063{margin-top: -30px !important;}&#8221;][vc_wp_text]W przedszkolu funkcjonuje 10 grup przedszkolnych w których przebywać może po 25 dzieci.<br />
Placówka zapewnia podopiecznym rzetelną opiekę zaspokajając podstawową potrzebę akceptacji i bezpieczeństwa, preferuje twórczość i samodzielność.<br />
Ramowy rozkład dnia ułożony jest zgodnie z zaleceniami nowej podstawy programowej wychowania przedszkolnego.<br />
Przedszkole jest czynne od poniedziałku do piątku w godzinach od 6.30 do 17.00.[/vc_wp_text][/vc_column][vc_column width=&#8221;1/3&#8243;][vc_empty_space height=&#8221;160px&#8221;][vc_wp_text]<img loading="lazy" decoding="async" class="size-medium wp-image-43 aligncenter" src="https://przedszkole104.edu.wroclaw.pl/wp-content/uploads/sites/72/2022/03/IMG_0651-300x225.jpg" alt="Zdjęcie zakładki o nas" width="300" height="225" srcset="https://przedszkole104.edu.wroclaw.pl/wp-content/uploads/sites/72/2022/03/IMG_0651-300x225.jpg 300w, https://przedszkole104.edu.wroclaw.pl/wp-content/uploads/sites/72/2022/03/IMG_0651-1024x768.jpg 1024w, https://przedszkole104.edu.wroclaw.pl/wp-content/uploads/sites/72/2022/03/IMG_0651-768x576.jpg 768w, https://przedszkole104.edu.wroclaw.pl/wp-content/uploads/sites/72/2022/03/IMG_0651-600x450.jpg 600w, https://przedszkole104.edu.wroclaw.pl/wp-content/uploads/sites/72/2022/03/IMG_0651-1536x1152.jpg 1536w, https://przedszkole104.edu.wroclaw.pl/wp-content/uploads/sites/72/2022/03/IMG_0651-2048x1536.jpg 2048w" sizes="auto, (max-width: 300px) 100vw, 300px" />[/vc_wp_text][/vc_column][/vc_row]</p>
</div>

<p>[vc_row css_animation=&#8221;zoomIn&#8221; css=&#8221;.vc_custom_1648796722481{margin-right: 40px !important;margin-left: 40px !important;}&#8221;][vc_column width=&#8221;1/5&#8243;][vc_icon icon_fontawesome=&#8221;fas fa-book-reader&#8221; color=&#8221;custom&#8221; background_style=&#8221;rounded-outline&#8221; background_color=&#8221;custom&#8221; size=&#8221;xl&#8221; align=&#8221;center&#8221; custom_color=&#8221;#a00050&#8243; custom_background_color=&#8221;#a00050&#8243; link=&#8221;url:%2Findex.php%2Fcategory%2Fkronika-wydarzen%2F|title:Kronika%20wydarze%C5%84&#8243;][vc_column_text css=&#8221;.vc_custom_1686898549892{margin-top: -40px !important;}&#8221;] Kronika wydarzeń [/vc_column_text][/vc_column][vc_column width=&#8221;1/5&#8243;][vc_icon icon_fontawesome=&#8221;fas fa-utensils&#8221; color=&#8221;custom&#8221; background_style=&#8221;rounded-outline&#8221; background_color=&#8221;custom&#8221; [&hellip;]</p>
