
{"id":22,"date":"2022-03-31T11:21:05","date_gmt":"2022-03-31T09:21:05","guid":{"rendered":"https:\/\/przedszkole104.edu.wroclaw.pl\/?page_id=22"},"modified":"2026-01-14T12:40:25","modified_gmt":"2026-01-14T11:40:25","slug":"deklaracja-dostepnosci","status":"publish","type":"page","link":"https:\/\/przedszkole104.edu.wroclaw.pl\/index.php\/deklaracja-dostepnosci\/","title":{"rendered":"Deklaracja dost\u0119pno\u015bci"},"content":{"rendered":"<h2 id=\"a11y-deklaracja\"><span style=\"color: #237e15;\"><strong><span style=\"font-size: 36pt;\">Deklaracja dost\u0119pno\u015bci Przedszkole nr 104<\/span><\/strong><\/span><span style=\"color: #007e9e;\"><strong><span style=\"font-size: 36pt;\"><br \/>\n<\/span><\/strong><\/span><\/h2>\n<p id=\"a11y-wstep\"><span style=\"font-size: 14pt;\"><span id=\"a11y-podmiot\">Przedszkole nr 104 we Wroc\u0142awiu<\/span> zobowi\u0105zuje si\u0119 zapewni\u0107 dost\u0119pno\u015b\u0107 swojej strony internetowej zgodnie z przepisami ustawy z dnia 4\u00a0kwietnia 2019\u00a0r. o\u00a0dost\u0119pno\u015bci cyfrowej stron internetowych i\u00a0aplikacji mobilnych podmiot\u00f3w publicznych. O\u015bwiadczenie w sprawie dost\u0119pno\u015bci ma zastosowanie do strony internetowej <a id=\"a11y-url\" href=\"https:\/\/przedszkole104.edu.wroclaw.pl\">przedszkole104.edu.wroclaw.pl<\/a><\/span><\/p>\n<ul>\n<li><span style=\"font-size: 14pt;\"><span style=\"font-size: 14pt;\">Data publikacji strony internetowej: <time id=\"a11y-data-publikacja\" datetime=\"2013-09-01\">2019-08-07<\/time><\/span><\/span><\/li>\n<li><span style=\"font-size: 14pt;\"><span style=\"font-size: 14pt;\">Data ostatniej istotnej aktualizacji: <time id=\"a11y-data-aktualizacja\" datetime=\"2022-01-28\">2022-03-30<\/time><\/span><\/span><\/li>\n<\/ul>\n<h2><span style=\"color: #237e15;\"><strong><span style=\"font-size: 24pt;\">Status pod wzgl\u0119dem zgodno\u015bci z ustaw\u0105<\/span><\/strong><\/span><\/h2>\n<p><span style=\"font-size: 14pt;\">Strona internetowa jest <strong id=\"a11y-status\">cz\u0119\u015bciowo zgodna<\/strong> z\u00a0ustaw\u0105 o\u00a0dost\u0119pno\u015bci cyfrowej stron internetowych i\u00a0aplikacji mobilnych podmiot\u00f3w publicznych z powodu niezgodno\u015bci lub wy\u0142\u0105cze\u0144 wymienionych poni\u017cej.<\/span><\/p>\n<h3><span style=\"color: #237e15;\"><strong><span style=\"font-size: 18pt;\">Tre\u015bci niedost\u0119pne<\/span><\/strong><\/span><\/h3>\n<ul>\n<li>opublikowane zdj\u0119cia i\u00a0grafiki nie\u00a0posiadaj\u0105 opisu alternatywnego,<\/li>\n<li>brak audiodeskrypcji dla materia\u0142\u00f3w multimedialnych<\/li>\n<li>niekt\u00f3re tre\u015bci zosta\u0142y opublikowane z\u00a0grafikami, kt\u00f3re zawieraj\u0105 tekst,<\/li>\n<li>cz\u0119\u015b\u0107 dokument\u00f3w nie\u00a0posiada prawid\u0142owo wyedytowanej warstwy tekstowej zgodnej z\u00a0zasadami formatowania tekstu z\u00a0zakresu \u201edobrych praktyk redaktorskich\u201d (wielkie litery, kolorowe czcionki, zbyt ma\u0142y kontrast);<\/li>\n<li>niekt\u00f3re funkcjonalno\u015bci posiadaj\u0105 drobne b\u0142\u0119dy programistyczne, na obecn\u0105 chwil\u0119, niemo\u017cliwe do poprawy bez zewn\u0119trznej ingerencji programistycznej<\/li>\n<\/ul>\n<h3><span style=\"color: #237e15;\"><strong><span style=\"font-size: 18pt;\">Przygotowanie deklaracji w sprawie dost\u0119pno\u015bci<\/span><\/strong><\/span><\/h3>\n<ul>\n<li><span style=\"font-size: 14pt;\"><span style=\"font-size: 14pt;\">Deklaracj\u0119 sporz\u0105dzono dnia: <time id=\"a11y-data-sporzadzenie\" datetime=\"2019-09-01\">2021-03-23<\/time><\/span><\/span><\/li>\n<li><span style=\"font-size: 14pt;\">Deklaracj\u0119 sporz\u0105dzono na podstawie samooceny.<\/span><\/li>\n<li><span style=\"font-size: 14pt;\">Deklaracja zosta\u0142a poddana przegl\u0105dowi i aktualizacji dnia: 2025-03-26<\/span><\/li>\n<\/ul>\n<h2 id=\"a11y-kontakt\"><span style=\"color: #237e15;\"><strong><span style=\"font-size: 24pt;\">Informacje zwrotne i dane kontaktowe<\/span><\/strong><\/span><\/h2>\n<ul>\n<li><span style=\"font-size: 14pt;\">Za rozpatrywanie uwag i wniosk\u00f3w odpowiada: Anna Doma\u0144ska<br \/>\n<\/span><\/li>\n<li><span style=\"font-size: 14pt;\">E-mail: sekretariat.p104@wroclawskaedukacja.pl<br \/>\n<\/span><\/li>\n<li><span style=\"font-size: 14pt;\">Telefon: 71 798 67 50<br \/>\n<\/span><\/li>\n<\/ul>\n<p><span style=\"font-size: 14pt;\">T\u0105 sam\u0105 drog\u0105 mo\u017cna sk\u0142ada\u0107 wnioski o udost\u0119pnienie informacji niedost\u0119pnej oraz sk\u0142ada\u0107 \u017c\u0105dania zapewnienia dost\u0119pno\u015bci<\/span><\/p>\n<p id=\"a11y-procedura\"><span style=\"font-size: 14pt;\">Ka\u017cdy ma prawo:<\/span><\/p>\n<ul>\n<li><span style=\"font-size: 14pt;\">zg\u0142osi\u0107 uwagi dotycz\u0105ce dost\u0119pno\u015bci cyfrowej strony lub jej elementu,<\/span><\/li>\n<li><span style=\"font-size: 14pt;\">zg\u0142osi\u0107 \u017c\u0105danie zapewnienia dost\u0119pno\u015bci cyfrowej strony lub jej elementu,<\/span><\/li>\n<li><span style=\"font-size: 14pt;\">wnioskowa\u0107 o udost\u0119pnienie niedost\u0119pnej informacji w innej alternatywnej formie.<\/span><\/li>\n<\/ul>\n<p><span style=\"font-size: 14pt;\">\u017b\u0105danie musi zawiera\u0107:<\/span><\/p>\n<ul>\n<li><span style=\"font-size: 14pt;\">dane kontaktowe osoby zg\u0142aszaj\u0105cej,<\/span><\/li>\n<li><span style=\"font-size: 14pt;\">wskazanie strony lub elementu strony, kt\u00f3rej dotyczy \u017c\u0105danie,<\/span><\/li>\n<li><span style=\"font-size: 14pt;\">wskazanie dogodnej formy udost\u0119pnienia informacji, je\u015bli \u017c\u0105danie dotyczy udost\u0119pnienia w formie alternatywnej informacji niedost\u0119pnej.<\/span><\/li>\n<\/ul>\n<p><span style=\"font-size: 14pt;\">Rozpatrzenie zg\u0142oszenia powinno nast\u0105pi\u0107 niezw\u0142ocznie, najp\u00f3\u017aniej w ci\u0105gu 7 dni. Je\u015bli w tym terminie zapewnienie dost\u0119pno\u015bci albo zapewnienie dost\u0119pu w alternatywnej formie nie jest mo\u017cliwe, powinno nast\u0105pi\u0107 najdalej w ci\u0105gu 2 miesi\u0119cy od daty zg\u0142oszenia.<\/span><\/p>\n<h3><span style=\"color: #237e15;\"><strong><span style=\"font-size: 18pt;\">Skargi i odwo\u0142ania<\/span><\/strong><\/span><\/h3>\n<p><span style=\"font-size: 14pt;\">Na niedotrzymanie tych termin\u00f3w oraz na odmow\u0119 realizacji \u017c\u0105dania mo\u017cna z\u0142o\u017cy\u0107 skarg\u0119 do organu nadzoruj\u0105cego poczt\u0105 lub drog\u0105 elektroniczn\u0105 na adres:<\/span><\/p>\n<ul>\n<li><span style=\"font-size: 14pt;\">Organ nadzoruj\u0105cy: Dyrektor Przedszkola nr 104 we Wroc\u0142awiu<\/span><\/li>\n<li><span style=\"font-size: 14pt;\">Adres: ul. Nied\u017awiedzia 26-28<\/span><br \/>\n<span style=\"font-size: 14pt;\">54-233 Wroc\u0142aw<\/span><\/li>\n<li><span style=\"font-size: 14pt;\">E-mail: sekretariat.p104@wroclawskaedukacja.pl<br \/>\n<\/span><\/li>\n<li><span style=\"font-size: 14pt;\">Telefon: <span id=\"a11y-telefon\">71 798 67 50<br \/>\n<\/span><\/span><\/li>\n<\/ul>\n<p><span style=\"font-size: 14pt;\">Skarg\u0119 mo\u017cna z\u0142o\u017cy\u0107 r\u00f3wnie\u017c do <a href=\"https:\/\/www.rpo.gov.pl\/content\/jak-zglosic-sie-do-rzecznika-praw-obywatelskich\">Rzecznika Praw Obywatelskich<\/a>.<\/span><\/p>\n<h2 id=\"a11y-architektura\"><span style=\"color: #237e15;\"><strong><span style=\"font-size: 24pt;\">Dost\u0119pno\u015b\u0107 architektoniczna<\/span><\/strong><\/span><\/h2>\n<ul>\n<li>Wej\u015bcie g\u0142\u00f3wne do obu budynk\u00f3w przedszkola znajduje si\u0119 przy szerokim chodniku, wyposa\u017cone jest w podjazd dla os\u00f3b niepe\u0142nosprawnych.<\/li>\n<li>Wej\u015bcie jest og\u00f3lnodost\u0119pne w godzinach pracy plac\u00f3wki. Przy drzwiach wej\u015bciowych, po ich lewej stronie na wysoko\u015bci 150 cm znajduje si\u0119 dzwonek.<\/li>\n<li>Przedszkole mie\u015bci si\u0119 na parterze oraz I pi\u0119trze. Dost\u0119p do pomieszcze\u0144 na parterze jest bardzo dobry \u2013 pomieszczenia s\u0105 p\u0142askie, szerokie. Dost\u0119p do pomieszcze\u0144 na I pi\u0119trze, wymaga wej\u015bcia po schodach.<\/li>\n<li>Dyrektor jednostki wyra\u017ca zgod\u0119 na wst\u0119p z psem asystuj\u0105cym w szczeg\u00f3lnych przypadkach.<\/li>\n<li>Brak mo\u017cliwo\u015bci skorzystania z t\u0142umacza j\u0119zyka migowego na miejscu lub online.<\/li>\n<\/ul>\n<p><span style=\"font-size: 14pt;\">\u00a0<\/span><\/p>\n<h3><span style=\"color: #237e15;\"><strong><span style=\"font-size: 18pt;\">Udogodnienia<\/span><\/strong><\/span><\/h3>\n<ul>\n<li><span style=\"font-size: 14pt;\">Domy\u015ble skr\u00f3ty klawiszowe przegl\u0105darek internetowych<\/span><\/li>\n<li><span style=\"font-size: 14pt;\">Prze\u0142\u0105cznik kontrastowy<\/span><\/li>\n<\/ul>\n","protected":false},"excerpt":{"rendered":"<p>Deklaracja dost\u0119pno\u015bci Przedszkole nr 104 Przedszkole nr 104 we Wroc\u0142awiu zobowi\u0105zuje si\u0119 zapewni\u0107 dost\u0119pno\u015b\u0107 swojej strony internetowej zgodnie z przepisami ustawy z dnia 4\u00a0kwietnia 2019\u00a0r. o\u00a0dost\u0119pno\u015bci cyfrowej stron internetowych i\u00a0aplikacji [&hellip;]<\/p>\n","protected":false},"author":7,"featured_media":0,"parent":0,"menu_order":0,"comment_status":"closed","ping_status":"closed","template":"","meta":{"footnotes":""},"class_list":["post-22","page","type-page","status-publish","hentry","clearfix"],"_links":{"self":[{"href":"https:\/\/przedszkole104.edu.wroclaw.pl\/index.php\/wp-json\/wp\/v2\/pages\/22","targetHints":{"allow":["GET"]}}],"collection":[{"href":"https:\/\/przedszkole104.edu.wroclaw.pl\/index.php\/wp-json\/wp\/v2\/pages"}],"about":[{"href":"https:\/\/przedszkole104.edu.wroclaw.pl\/index.php\/wp-json\/wp\/v2\/types\/page"}],"author":[{"embeddable":true,"href":"https:\/\/przedszkole104.edu.wroclaw.pl\/index.php\/wp-json\/wp\/v2\/users\/7"}],"replies":[{"embeddable":true,"href":"https:\/\/przedszkole104.edu.wroclaw.pl\/index.php\/wp-json\/wp\/v2\/comments?post=22"}],"version-history":[{"count":8,"href":"https:\/\/przedszkole104.edu.wroclaw.pl\/index.php\/wp-json\/wp\/v2\/pages\/22\/revisions"}],"predecessor-version":[{"id":15106,"href":"https:\/\/przedszkole104.edu.wroclaw.pl\/index.php\/wp-json\/wp\/v2\/pages\/22\/revisions\/15106"}],"wp:attachment":[{"href":"https:\/\/przedszkole104.edu.wroclaw.pl\/index.php\/wp-json\/wp\/v2\/media?parent=22"}],"curies":[{"name":"wp","href":"https:\/\/api.w.org\/{rel}","templated":true}]}}

Deklaracja dostępności

<h2 id="a11y-deklaracja"><span style="color: #237e15;"><strong><span style="font-size: 36pt;">Deklaracja dostępności Przedszkole nr 104</span></strong></span><span style="color: #007e9e;"><strong><span style="font-size: 36pt;"><br />
</span></strong></span></h2>
<p id="a11y-wstep"><span style="font-size: 14pt;"><span id="a11y-podmiot">Przedszkole nr 104 we Wrocławiu</span> zobowiązuje się zapewnić dostępność swojej strony internetowej zgodnie z przepisami ustawy z dnia 4 kwietnia 2019 r. o dostępności cyfrowej stron internetowych i aplikacji mobilnych podmiotów publicznych. Oświadczenie w sprawie dostępności ma zastosowanie do strony internetowej <a id="a11y-url" href="https://przedszkole104.edu.wroclaw.pl">przedszkole104.edu.wroclaw.pl</a></span></p>
<ul>
<li><span style="font-size: 14pt;"><span style="font-size: 14pt;">Data publikacji strony internetowej: <time id="a11y-data-publikacja" datetime="2013-09-01">2019-08-07</time></span></span></li>
<li><span style="font-size: 14pt;"><span style="font-size: 14pt;">Data ostatniej istotnej aktualizacji: <time id="a11y-data-aktualizacja" datetime="2022-01-28">2022-03-30</time></span></span></li>
</ul>
<h2><span style="color: #237e15;"><strong><span style="font-size: 24pt;">Status pod względem zgodności z ustawą</span></strong></span></h2>
<p><span style="font-size: 14pt;">Strona internetowa jest <strong id="a11y-status">częściowo zgodna</strong> z ustawą o dostępności cyfrowej stron internetowych i aplikacji mobilnych podmiotów publicznych z powodu niezgodności lub wyłączeń wymienionych poniżej.</span></p>
<h3><span style="color: #237e15;"><strong><span style="font-size: 18pt;">Treści niedostępne</span></strong></span></h3>
<ul>
<li>opublikowane zdjęcia i grafiki nie posiadają opisu alternatywnego,</li>
<li>brak audiodeskrypcji dla materiałów multimedialnych</li>
<li>niektóre treści zostały opublikowane z grafikami, które zawierają tekst,</li>
<li>część dokumentów nie posiada prawidłowo wyedytowanej warstwy tekstowej zgodnej z zasadami formatowania tekstu z zakresu „dobrych praktyk redaktorskich” (wielkie litery, kolorowe czcionki, zbyt mały kontrast);</li>
<li>niektóre funkcjonalności posiadają drobne błędy programistyczne, na obecną chwilę, niemożliwe do poprawy bez zewnętrznej ingerencji programistycznej</li>
</ul>
<h3><span style="color: #237e15;"><strong><span style="font-size: 18pt;">Przygotowanie deklaracji w sprawie dostępności</span></strong></span></h3>
<ul>
<li><span style="font-size: 14pt;"><span style="font-size: 14pt;">Deklarację sporządzono dnia: <time id="a11y-data-sporzadzenie" datetime="2019-09-01">2021-03-23</time></span></span></li>
<li><span style="font-size: 14pt;">Deklarację sporządzono na podstawie samooceny.</span></li>
<li><span style="font-size: 14pt;">Deklaracja została poddana przeglądowi i aktualizacji dnia: 2025-03-26</span></li>
</ul>
<h2 id="a11y-kontakt"><span style="color: #237e15;"><strong><span style="font-size: 24pt;">Informacje zwrotne i dane kontaktowe</span></strong></span></h2>
<ul>
<li><span style="font-size: 14pt;">Za rozpatrywanie uwag i wniosków odpowiada: Anna Domańska<br />
</span></li>
<li><span style="font-size: 14pt;">E-mail: sekretariat.p104@wroclawskaedukacja.pl<br />
</span></li>
<li><span style="font-size: 14pt;">Telefon: 71 798 67 50<br />
</span></li>
</ul>
<p><span style="font-size: 14pt;">Tą samą drogą można składać wnioski o udostępnienie informacji niedostępnej oraz składać żądania zapewnienia dostępności</span></p>
<p id="a11y-procedura"><span style="font-size: 14pt;">Każdy ma prawo:</span></p>
<ul>
<li><span style="font-size: 14pt;">zgłosić uwagi dotyczące dostępności cyfrowej strony lub jej elementu,</span></li>
<li><span style="font-size: 14pt;">zgłosić żądanie zapewnienia dostępności cyfrowej strony lub jej elementu,</span></li>
<li><span style="font-size: 14pt;">wnioskować o udostępnienie niedostępnej informacji w innej alternatywnej formie.</span></li>
</ul>
<p><span style="font-size: 14pt;">Żądanie musi zawierać:</span></p>
<ul>
<li><span style="font-size: 14pt;">dane kontaktowe osoby zgłaszającej,</span></li>
<li><span style="font-size: 14pt;">wskazanie strony lub elementu strony, której dotyczy żądanie,</span></li>
<li><span style="font-size: 14pt;">wskazanie dogodnej formy udostępnienia informacji, jeśli żądanie dotyczy udostępnienia w formie alternatywnej informacji niedostępnej.</span></li>
</ul>
<p><span style="font-size: 14pt;">Rozpatrzenie zgłoszenia powinno nastąpić niezwłocznie, najpóźniej w ciągu 7 dni. Jeśli w tym terminie zapewnienie dostępności albo zapewnienie dostępu w alternatywnej formie nie jest możliwe, powinno nastąpić najdalej w ciągu 2 miesięcy od daty zgłoszenia.</span></p>
<h3><span style="color: #237e15;"><strong><span style="font-size: 18pt;">Skargi i odwołania</span></strong></span></h3>
<p><span style="font-size: 14pt;">Na niedotrzymanie tych terminów oraz na odmowę realizacji żądania można złożyć skargę do organu nadzorującego pocztą lub drogą elektroniczną na adres:</span></p>
<ul>
<li><span style="font-size: 14pt;">Organ nadzorujący: Dyrektor Przedszkola nr 104 we Wrocławiu</span></li>
<li><span style="font-size: 14pt;">Adres: ul. Niedźwiedzia 26-28</span><br />
<span style="font-size: 14pt;">54-233 Wrocław</span></li>
<li><span style="font-size: 14pt;">E-mail: sekretariat.p104@wroclawskaedukacja.pl<br />
</span></li>
<li><span style="font-size: 14pt;">Telefon: <span id="a11y-telefon">71 798 67 50<br />
</span></span></li>
</ul>
<p><span style="font-size: 14pt;">Skargę można złożyć również do <a href="https://www.rpo.gov.pl/content/jak-zglosic-sie-do-rzecznika-praw-obywatelskich">Rzecznika Praw Obywatelskich</a>.</span></p>
<h2 id="a11y-architektura"><span style="color: #237e15;"><strong><span style="font-size: 24pt;">Dostępność architektoniczna</span></strong></span></h2>
<ul>
<li>Wejście główne do obu budynków przedszkola znajduje się przy szerokim chodniku, wyposażone jest w podjazd dla osób niepełnosprawnych.</li>
<li>Wejście jest ogólnodostępne w godzinach pracy placówki. Przy drzwiach wejściowych, po ich lewej stronie na wysokości 150 cm znajduje się dzwonek.</li>
<li>Przedszkole mieści się na parterze oraz I piętrze. Dostęp do pomieszczeń na parterze jest bardzo dobry – pomieszczenia są płaskie, szerokie. Dostęp do pomieszczeń na I piętrze, wymaga wejścia po schodach.</li>
<li>Dyrektor jednostki wyraża zgodę na wstęp z psem asystującym w szczególnych przypadkach.</li>
<li>Brak możliwości skorzystania z tłumacza języka migowego na miejscu lub online.</li>
</ul>
<p><span style="font-size: 14pt;"> </span></p>
<h3><span style="color: #237e15;"><strong><span style="font-size: 18pt;">Udogodnienia</span></strong></span></h3>
<ul>
<li><span style="font-size: 14pt;">Domyśle skróty klawiszowe przeglądarek internetowych</span></li>
<li><span style="font-size: 14pt;">Przełącznik kontrastowy</span></li>
</ul>

<p>Deklaracja dostępności Przedszkole nr 104 Przedszkole nr 104 we Wrocławiu zobowiązuje się zapewnić dostępność swojej strony internetowej zgodnie z przepisami ustawy z dnia 4 kwietnia 2019 r. o dostępności cyfrowej stron internetowych i aplikacji [&hellip;]</p>
