
{"id":4190,"date":"2023-02-17T07:31:14","date_gmt":"2023-02-17T06:31:14","guid":{"rendered":"https:\/\/przedszkole104.edu.wroclaw.pl\/?page_id=4190"},"modified":"2025-04-07T07:45:26","modified_gmt":"2025-04-07T05:45:26","slug":"ciekawostki-dla-rodzicow","status":"publish","type":"page","link":"https:\/\/przedszkole104.edu.wroclaw.pl\/index.php\/ciekawostki-dla-rodzicow\/","title":{"rendered":"Ciekawostki dla rodzic\u00f3w"},"content":{"rendered":"<ol>\n<li><span style=\"font-size: 24px\"><a href=\"https:\/\/przedszkole104.edu.wroclaw.pl\/wp-content\/uploads\/sites\/72\/2025\/04\/Swiatowy-Dzien-Zdrowia-dla-rodzicow.pdf\" target=\"_blank\" rel=\"noopener\">Jak wspiera\u0107 zdrowie naszych dzieci<\/a><\/span><\/li>\n<li><span style=\"font-size: 24px\"><a href=\"https:\/\/przedszkole104.edu.wroclaw.pl\/wp-content\/uploads\/sites\/72\/2024\/12\/Pozytywna-dyscyplina.pdf\" target=\"_blank\" rel=\"noopener\">Pozytywna dyscyplina<\/a><\/span><\/li>\n<li><a href=\"https:\/\/przedszkole104.edu.wroclaw.pl\/wp-content\/uploads\/sites\/72\/2024\/10\/Nie-badz-tabletowym-rodzicem.pdf\" target=\"_blank\" rel=\"noopener\"><span style=\"font-size: 24px\">Nie b\u0105d\u017a tabletowym rodzicem<\/span><\/a><\/li>\n<li><a href=\"https:\/\/przedszkole104.edu.wroclaw.pl\/wp-content\/uploads\/sites\/72\/2024\/09\/Jak-rozmawiac-z-dziecmi-o-powodzi.pdf\" target=\"_blank\" rel=\"noopener\"><span style=\"font-size: 24px\">Jak rozmawia\u0107 z dzie\u0107mi o powodzi<\/span><\/a><\/li>\n<li><a href=\"https:\/\/przedszkole104.edu.wroclaw.pl\/wp-content\/uploads\/sites\/72\/2023\/02\/rewolucja-w-uczeniu.pdf\" target=\"_blank\" rel=\"noopener\"><span style=\"font-size: 24px\">Rewolucja w uczeniu.<\/span><\/a><\/li>\n<li><a href=\"https:\/\/przedszkole104.edu.wroclaw.pl\/wp-content\/uploads\/sites\/72\/2023\/06\/Zabawa-dla-dzieci-od-trzeciego-roku-zycia.pdf\" target=\"_blank\" rel=\"noopener\"><span style=\"font-size: 24px\">Zabawa wp\u0142ywaj\u0105ce na rozw\u00f3j\u00a0 m\u00f3zgu i zdolno\u015bci uczenia si\u0119 dla dzieci od trzeciego roku \u017cycia<\/span><\/a><\/li>\n<\/ol>\n","protected":false},"excerpt":{"rendered":"<p>Jak wspiera\u0107 zdrowie naszych dzieci Pozytywna dyscyplina Nie b\u0105d\u017a tabletowym rodzicem Jak rozmawia\u0107 z dzie\u0107mi o powodzi Rewolucja w uczeniu. Zabawa wp\u0142ywaj\u0105ce na rozw\u00f3j\u00a0 m\u00f3zgu i zdolno\u015bci uczenia si\u0119 dla [&hellip;]<\/p>\n","protected":false},"author":7,"featured_media":0,"parent":0,"menu_order":0,"comment_status":"closed","ping_status":"closed","template":"","meta":{"footnotes":""},"class_list":["post-4190","page","type-page","status-publish","hentry","clearfix"],"_links":{"self":[{"href":"https:\/\/przedszkole104.edu.wroclaw.pl\/index.php\/wp-json\/wp\/v2\/pages\/4190","targetHints":{"allow":["GET"]}}],"collection":[{"href":"https:\/\/przedszkole104.edu.wroclaw.pl\/index.php\/wp-json\/wp\/v2\/pages"}],"about":[{"href":"https:\/\/przedszkole104.edu.wroclaw.pl\/index.php\/wp-json\/wp\/v2\/types\/page"}],"author":[{"embeddable":true,"href":"https:\/\/przedszkole104.edu.wroclaw.pl\/index.php\/wp-json\/wp\/v2\/users\/7"}],"replies":[{"embeddable":true,"href":"https:\/\/przedszkole104.edu.wroclaw.pl\/index.php\/wp-json\/wp\/v2\/comments?post=4190"}],"version-history":[{"count":13,"href":"https:\/\/przedszkole104.edu.wroclaw.pl\/index.php\/wp-json\/wp\/v2\/pages\/4190\/revisions"}],"predecessor-version":[{"id":13554,"href":"https:\/\/przedszkole104.edu.wroclaw.pl\/index.php\/wp-json\/wp\/v2\/pages\/4190\/revisions\/13554"}],"wp:attachment":[{"href":"https:\/\/przedszkole104.edu.wroclaw.pl\/index.php\/wp-json\/wp\/v2\/media?parent=4190"}],"curies":[{"name":"wp","href":"https:\/\/api.w.org\/{rel}","templated":true}]}}