
{"id":95,"date":"2022-03-08T13:06:16","date_gmt":"2022-03-08T12:06:16","guid":{"rendered":"https:\/\/przedszkole104.edu.wroclaw.pl\/?page_id=95"},"modified":"2026-03-04T09:21:49","modified_gmt":"2026-03-04T08:21:49","slug":"dokumenty","status":"publish","type":"page","link":"https:\/\/przedszkole104.edu.wroclaw.pl\/index.php\/dokumenty\/","title":{"rendered":"Dokumenty"},"content":{"rendered":"<div class=\"wpb-content-wrapper\"><p>[vc_row][vc_column][vc_column_text css=&#8221;&#8221;]<\/p>\n<div class=\"elementor-column elementor-col-66 elementor-top-column elementor-element elementor-element-bd37e57\" data-id=\"bd37e57\" data-element_type=\"column\">\n<div class=\"elementor-widget-wrap elementor-element-populated\">\n<div class=\"elementor-element elementor-element-1cb3c23 elementor-widget elementor-widget-text-editor\" data-id=\"1cb3c23\" data-element_type=\"widget\" data-widget_type=\"text-editor.default\">\n<div class=\"elementor-widget-container\">\n<ol>\n<li><a href=\"https:\/\/przedszkole104.edu.wroclaw.pl\/wp-content\/uploads\/sites\/72\/2025\/11\/Statut-przedszkola2.pdf\" target=\"_blank\" rel=\"noopener\">Statut<\/a><\/li>\n<li><a href=\"https:\/\/przedszkole104.edu.wroclaw.pl\/wp-content\/uploads\/sites\/72\/2022\/04\/program-zabawa-droga.pdf\" target=\"_blank\" rel=\"noopener\">Program w\u0142asny &#8222;Zabawa drog\u0105 przez \u015bwiat&#8221;.<\/a><\/li>\n<li><a href=\"https:\/\/przedszkole104.edu.wroclaw.pl\/wp-content\/uploads\/sites\/72\/2023\/02\/Program-sportowy-popr-002.pdf\" target=\"_blank\" rel=\"noopener\">Program zdrowotny\u00a0 \u201eSportowa i zdrowa Polana Misiowa \u201d\u00a0\u00a0<\/a><strong> \u00a0\u00a0\u00a0\u00a0\u00a0\u00a0\u00a0\u00a0\u00a0\u00a0\u00a0\u00a0\u00a0\u00a0\u00a0\u00a0\u00a0\u00a0\u00a0\u00a0\u00a0\u00a0\u00a0\u00a0\u00a0\u00a0\u00a0\u00a0\u00a0\u00a0\u00a0\u00a0\u00a0\u00a0 <\/strong><\/li>\n<li><a href=\"https:\/\/przedszkole104.edu.wroclaw.pl\/wp-content\/uploads\/sites\/72\/2022\/04\/program-adaptacyjny-2022-1-1.pdf\" target=\"_blank\" rel=\"noopener\">&#8222;Dobra adaptacja do przedszkola \u2013 sukces edukacji dziecka&#8221; &#8211; program adaptacji dziecka trzyletniego do grupy przedszkolnej \u2013 program w\u0142asny.<\/a><\/li>\n<li><a href=\"https:\/\/przedszkole104.edu.wroclaw.pl\/wp-content\/uploads\/sites\/72\/2022\/04\/PODSTAWA-PROGRAMOWA.pdf\" target=\"_blank\" rel=\"noopener\">Podstawa programowa wychowania przedszkolnego<\/a>.<\/li>\n<li><a href=\"https:\/\/przedszkole104.edu.wroclaw.pl\/wp-content\/uploads\/sites\/72\/2024\/08\/uchwala.pdf\" target=\"_blank\" rel=\"noopener\">Uchwa\u0142a nr III\/18\/24 zmieniaj\u0105c\u0105 uchwa\u0142\u0119 LVII\/1513\/22 Rady miejskiej Wroc\u0142awia w sprawie ustalenia czasu bezp\u0142atnego nauczania, wychowania i opieki oraz wysoko\u015bci op\u0142aty za korzystanie z wychowania przedszkolnego w publicznych przedszkolach i oddzia\u0142ach przedszkolnych w publicznych szko\u0142ach podstawowych prowadzonych przez gmin\u0119.<\/a><\/li>\n<li><a href=\"https:\/\/przedszkole104.edu.wroclaw.pl\/wp-content\/uploads\/sites\/72\/2023\/05\/PROCEDURY-BEZPIECZENSTWA-W-PRZEDSZKOLU.pdf\" target=\"_blank\" rel=\"noopener\">Procedury bezpiecze\u0144stwa w Przedszkolu nr 104 \u201eNa Misiowej Polanie\u201d.<\/a><\/li>\n<li><a href=\"https:\/\/przedszkole104.edu.wroclaw.pl\/wp-content\/uploads\/sites\/72\/2022\/04\/PROCEDURA-PRZEMOC.pdf\" target=\"_blank\" rel=\"noopener\">Procedura post\u0119powania w przypadku stwierdzenia zagro\u017cenia \u017cycia dziecka, wobec kt\u00f3rego stosowana jest przemoc \u00a0w rodzinie lub maj\u0105 miejsce zachowania agresywne. Procedura obowi\u0105zuje w Przedszkolu nr 104 \u201eNa Misiowej Polanie\u201d we Wroc\u0142awiu.<\/a><\/li>\n<li><a href=\"https:\/\/przedszkole104.edu.wroclaw.pl\/wp-content\/uploads\/sites\/72\/2025\/05\/PROCEDURY_POSTEPOWANIA_z_dzieckem_przewlekle_chorym.pdf\" target=\"_blank\" rel=\"noopener\">Procedury post\u0119powania w pracy z dzie\u0107mi chorymi przewlekle w sytuacji nag\u0142ego pogorszenia stanu zdrowia w Przedszkolu nr 104 \u201eNa Misiowej Polanie\u201d we Wroc\u0142awiu<\/a><\/li>\n<li><a href=\"https:\/\/przedszkole104.edu.wroclaw.pl\/wp-content\/uploads\/sites\/72\/2022\/12\/PROCEDURA-awaria-ogrzewania.pdf\" target=\"_blank\" rel=\"noopener\"><span style=\"font-size: 16px\">Procedura dotycz\u0105ca post\u0119powania w przypadku awarii lub wy\u0142\u0105czenia ogrzewania w Przedszkolu nr 104\u00a0\u201eNa Misiowej Polanie\u201d we Wroc\u0142awiu<\/span><\/a><\/li>\n<li><a href=\"https:\/\/przedszkole104.edu.wroclaw.pl\/wp-content\/uploads\/sites\/72\/2022\/12\/PROCEDURA-awaria-pradu.pdf\" target=\"_blank\" rel=\"noopener\">Procedura dotycz\u0105ca post\u0119powania w przypadku wy\u0142\u0105czenia pr\u0105du w Przedszkolu nr 104 \u201eNa Misiowej Polanie\u201d we Wroc\u0142awiu<\/a><\/li>\n<li><a href=\"https:\/\/przedszkole104.edu.wroclaw.pl\/wp-content\/uploads\/sites\/72\/2023\/08\/P6-procedura-windykacja.pdf\" target=\"_blank\" rel=\"noopener\"><span style=\"font-size: 16px\">Windykacja op\u0142at &#8211; procedura i spos\u00f3b post\u0119powania<\/span><\/a><\/li>\n<li><a href=\"https:\/\/przedszkole104.edu.wroclaw.pl\/wp-content\/uploads\/sites\/72\/2026\/01\/Standardy-ochrony-2025.pdf\" target=\"_blank\" rel=\"noopener\">Standardy ochrony ma\u0142oletnich Przedszkola nr 104 &#8222;Na Misiowej Polanie&#8221;<\/a><a href=\"https:\/\/przedszkole104.edu.wroclaw.pl\/wp-content\/uploads\/sites\/72\/2025\/12\/Zalaczniki-standardy-2024.pdf\" target=\"_blank\" rel=\"noopener\">+ za\u0142\u0105czniki<\/a><\/li>\n<li><a href=\"https:\/\/przedszkole104.edu.wroclaw.pl\/wp-content\/uploads\/sites\/72\/2024\/11\/SYSTEM-OPIEKI-WAKACYJNEJ-RODZICE.pdf\" target=\"_blank\" rel=\"noopener\">System opieki wakacyjnej<\/a><\/li>\n<li><a href=\"https:\/\/przedszkole104.edu.wroclaw.pl\/wp-content\/uploads\/sites\/72\/2024\/09\/Regulamin-rekrutacji-i-uczestnictwa-w-Projekcie.pdf\" target=\"_blank\" rel=\"noopener\">Regulamin rekrutacji i uczestnictwa w projekcie Wielki Ma\u0142y Przedszkolak-rozw\u00f3j edukacji przedszkolnej w Gminie Wroc\u0142aw<\/a><\/li>\n<li><a href=\"https:\/\/przedszkole104.edu.wroclaw.pl\/wp-content\/uploads\/sites\/72\/2025\/01\/REGULAMIN-KORZYSTANIA-Z-WYZYWIENIA.pdf\" target=\"_blank\" rel=\"noopener\">Regulamin korzystania z wy\u017cywienia w Przedszkolu nr 104 &#8222;Na Misiowej Polanie&#8221;<br \/>\n<\/a><\/li>\n<\/ol>\n<\/div>\n<\/div>\n<\/div>\n<\/div>\n<h2>Formularze:<\/h2>\n<ol>\n<li><a href=\"https:\/\/przedszkole104.edu.wroclaw.pl\/wp-content\/uploads\/sites\/72\/2025\/09\/Zal.-9.-Karta-do-odbioru-dziecka-z-przedszkola.pdf\" target=\"_blank\" rel=\"noopener\">Upowa\u017cnienie do odbioru dziecka.<\/a><\/li>\n<li><a href=\"https:\/\/przedszkole104.edu.wroclaw.pl\/wp-content\/uploads\/sites\/72\/2024\/06\/KARTA-DEKLARACJA-2024.2025.pdf\" target=\"_blank\" rel=\"noopener\">Karta zg\u0142oszenia dziecka do Przedszkola 104 \u201eNa Misiowej Polanie.<\/a><\/li>\n<li><a href=\"https:\/\/przedszkole104.edu.wroclaw.pl\/wp-content\/uploads\/sites\/72\/2023\/07\/KARTA-INFORMACYJNA-DLA-NAUCZYCIELA.pdf\" target=\"_blank\" rel=\"noopener\">Karta informacyjna dla nauczyciela.<\/a><\/li>\n<li><a href=\"https:\/\/przedszkole104.edu.wroclaw.pl\/wp-content\/uploads\/sites\/72\/2024\/06\/wielodzietnosc-wniosek-1.pdf\" target=\"_blank\" rel=\"noopener\">Wniosek o zwolnienie z op\u0142aty za pobyt dziecka w przedszkolu.<\/a><\/li>\n<li><a href=\"\/wp-content\/uploads\/sites\/72\/2022\/03\/ZAPOTRZEBOWANIE-NA-BRELOCZKI.pdf\" target=\"_blank\" rel=\"noopener\">\u00a0Zapotrzebowanie na breloczki.<\/a><\/li>\n<li><a href=\"https:\/\/przedszkole104.edu.wroclaw.pl\/wp-content\/uploads\/sites\/72\/2024\/06\/Zal.-8a.-Zgoda-na-udzial-w-lekcjach-religii.pdf\" target=\"_blank\" rel=\"noopener\">Zgoda na udzia\u0142 dziecka w lekcjach religii<\/a><\/li>\n<li><a href=\"https:\/\/przedszkole104.edu.wroclaw.pl\/wp-content\/uploads\/sites\/72\/2024\/06\/Zal.-8b.-Zgoda-na-wizerunek-na-www-FB-uczen.pdf\" target=\"_blank\" rel=\"noopener\">Formularz zgody na publikacj\u0119 danych osobowych \u2013 dziecka na stronie www, facebooku .<\/a><\/li>\n<li><a href=\"https:\/\/przedszkole104.edu.wroclaw.pl\/wp-content\/uploads\/sites\/72\/2024\/09\/Zalacznik-nr-1_Formularz-zgloszeniowy_Deklaracja-udzialu_dziecko_104.pdf\" target=\"_blank\" rel=\"noopener\">Formularz zg\u0142oszeniowy &#8211; Deklaracja udzia\u0142u dziecka w projekcie Wielki Ma\u0142y Przedszkolak-rozw\u00f3j edukacji przedszkolnej w Gminie Wroc\u0142aw.<\/a><\/li>\n<li><a href=\"https:\/\/przedszkole104.edu.wroclaw.pl\/wp-content\/uploads\/sites\/72\/2024\/09\/Zalacznik-nr-2_Formularz-zgloszeniowy_Deklaracja-udzialu_nauczyciel.pdf\" target=\"_blank\" rel=\"noopener\">Formularz zg\u0142oszeniowy &#8211; Deklaracja udzia\u0142u nauczyciela w projekcie Wielki Ma\u0142y Przedszkolak-rozw\u00f3j edukacji przedszkolnej w Gminie Wroc\u0142aw.<\/a><\/li>\n<li><a href=\"https:\/\/przedszkole104.edu.wroclaw.pl\/wp-content\/uploads\/sites\/72\/2026\/03\/DEKLARACJA-O-KONTYNUOWANIU-WYCHOWANIA-PRZEDSZKOLNEGO.pdf\" target=\"_blank\" rel=\"noopener\">Deklaracja o kontynuowaniu wychowania przedszkolnego 2026\/2027<\/a><\/li>\n<\/ol>\n<p>[\/vc_column_text][\/vc_column][\/vc_row]<\/p>\n<\/div>","protected":false},"excerpt":{"rendered":"<p>[vc_row][vc_column][vc_column_text css=&#8221;&#8221;] Statut Program w\u0142asny &#8222;Zabawa drog\u0105 przez \u015bwiat&#8221;. Program zdrowotny\u00a0 \u201eSportowa i zdrowa Polana Misiowa \u201d\u00a0\u00a0 \u00a0\u00a0\u00a0\u00a0\u00a0\u00a0\u00a0\u00a0\u00a0\u00a0\u00a0\u00a0\u00a0\u00a0\u00a0\u00a0\u00a0\u00a0\u00a0\u00a0\u00a0\u00a0\u00a0\u00a0\u00a0\u00a0\u00a0\u00a0\u00a0\u00a0\u00a0\u00a0\u00a0\u00a0 &#8222;Dobra adaptacja do przedszkola \u2013 sukces edukacji dziecka&#8221; &#8211; program adaptacji dziecka [&hellip;]<\/p>\n","protected":false},"author":7,"featured_media":0,"parent":0,"menu_order":0,"comment_status":"closed","ping_status":"closed","template":"","meta":{"footnotes":""},"class_list":["post-95","page","type-page","status-publish","hentry","clearfix"],"_links":{"self":[{"href":"https:\/\/przedszkole104.edu.wroclaw.pl\/index.php\/wp-json\/wp\/v2\/pages\/95","targetHints":{"allow":["GET"]}}],"collection":[{"href":"https:\/\/przedszkole104.edu.wroclaw.pl\/index.php\/wp-json\/wp\/v2\/pages"}],"about":[{"href":"https:\/\/przedszkole104.edu.wroclaw.pl\/index.php\/wp-json\/wp\/v2\/types\/page"}],"author":[{"embeddable":true,"href":"https:\/\/przedszkole104.edu.wroclaw.pl\/index.php\/wp-json\/wp\/v2\/users\/7"}],"replies":[{"embeddable":true,"href":"https:\/\/przedszkole104.edu.wroclaw.pl\/index.php\/wp-json\/wp\/v2\/comments?post=95"}],"version-history":[{"count":52,"href":"https:\/\/przedszkole104.edu.wroclaw.pl\/index.php\/wp-json\/wp\/v2\/pages\/95\/revisions"}],"predecessor-version":[{"id":15402,"href":"https:\/\/przedszkole104.edu.wroclaw.pl\/index.php\/wp-json\/wp\/v2\/pages\/95\/revisions\/15402"}],"wp:attachment":[{"href":"https:\/\/przedszkole104.edu.wroclaw.pl\/index.php\/wp-json\/wp\/v2\/media?parent=95"}],"curies":[{"name":"wp","href":"https:\/\/api.w.org\/{rel}","templated":true}]}}